ds digit of x?
5
Suppose -13*f = -139*f + 793926. What is the hundreds digit of f?
3
Let b(q) = 8*q**2 - 252*q + 28. What is the units digit of b(-46)?
8
Let f be 10/2 - -3*(-98)/(-42). Let q(x) = -6*x - 1. Let p(s) = -31*s - 4. Let n(o) = 6*p(o) - 33*q(o). What is the tens digit of n(f)?
5
Suppose 1580 = -6*x + 11*x. Let q be (-1)/(-2)*x/1. Suppose 2*n - 2 = 0, -h = -0*h + 5*n - q. What is the hundreds digit of h?
1
Let p(h) = 5*h. Let w be p(-4). Let g be (-2)/8 - w/16. What is the units digit of g*-212*(-1)/2?
6
Let p = 389 - 602. Let b = p - -312. Suppose -b = -32*s + 29*s. What is the tens digit of s?
3
Let n(r) = -r**2 + 41*r. Suppose 21*b = 15*b + 222. What is the units digit of n(b)?
8
Suppose -5*x + 4*u = -50367, -42*u + 44*u - 50409 = -5*x. What is the units digit of x?
9
Let o = 370 + -349. Suppose 2947 = -14*f + o*f. What is the units digit of f?
1
Let c(s) = s + 2. Let h be c(2). Suppose 458 = -5*j + 2*d, -j + 0*d - 88 = -h*d. Let y = 37 - j. What is the hundreds digit of y?
1
Suppose -3*o = -5*n - 28354, 2*o - n - 18894 = -2*n. What is the tens digit of o?
4
Let o be ((-28)/6)/(-3 + (-14)/(-6)). Suppose -o*l + 331 = -1706. What is the units digit of l?
1
What is the tens digit of (-145)/(-10)*(-9 + 689 + -2)?
3
Let r(z) = 13635*z + 617. What is the units digit of r(2)?
7
Suppose 3*r + 85433 - 234476 = -4*s, 3*r + 2*s = 149031. What is the units digit of r?
3
Let x be 28/8 + 0 - 3/6. Let t(k) = 0*k + 158*k**x + 26 - 21*k**2 - 4*k - 159*k**3. What is the hundreds digit of t(-21)?
1
Let o(z) = 204*z - 104. Let d be o(-6). Let x = d - -2039. What is the units digit of x?
1
Let m(c) = -65*c**3 - 10*c - 10. Let j be m(-5). What is the tens digit of (-9)/12 + j/92?
8
Let d(h) = 95 - 3*h + 93 + 2*h**2 + 4*h**2 - 182. What is the units digit of d(-2)?
6
Let a(s) = 12*s**2 - 3*s + 18. Let u be a(-4). Let y = -182 + u. What is the tens digit of y?
4
Suppose 3*w - 2*w = 3*w. Suppose w = 3*i - 4386 + 141. What is the hundreds digit of i?
4
Let n(b) = 2*b**2 - 10*b - 12. Suppose 51*f = 61*f - 160. What is the hundreds digit of n(f)?
3
Let w(n) = n**3 - 23*n**2 + 73*n + 10. Let v be w(17). Let i = v + 503. What is the tens digit of i?
2
Let g(v) = 4*v - 8. Suppose 4*t = q, 4*t = -6*q + 5*q. Let y be g(t). What is the units digit of 2/y - (-10832)/64?
9
Let i = 4164 - -13528. What is the ten thousands digit of i?
1
Let g = -2142 + 3770. Let u = -544 + g. What is the hundreds digit of u?
0
Let u = 88 + -15. Let r = u - 63. Suppose -r*m = -856 - 914. What is the tens digit of m?
7
Let r(o) be the first derivative of o**4/4 + 4*o**3/3 + 2*o**2 + 6*o + 12. Let i be r(-3). Suppose i = p + 2, -3*p = 2*h - 31. What is the units digit of h?
4
Let f = -26143 + 42138. What is the thousands digit of f?
5
Suppose 5*w = -6*i + 45607, 262*w = 261*w - i + 9121. What is the hundreds digit of w?
1
Let q = 24690 - 15918. What is the thousands digit of q?
8
Let r(f) = 1053*f + 230. What is the hundreds digit of r(5)?
4
Let t = 9 + 166. Let k = 26 - 16. What is the tens digit of t/k*(-12)/(-10)?
2
Let i = -18532 + 24784. What is the units digit of i?
2
Suppose 4*b - 400 - 96 = 0. Suppose 2*t + 2*t - b = 0. Suppose t*o - 30*o - 22 = 0. What is the tens digit of o?
2
Let a be (-1)/3 - (-8 - (-36610)/(-21)). Let o = a + -606. What is the hundreds digit of o?
1
Suppose 0*g + 10*g + 630 = 0. Let p = g + 68. Suppose 4*v = -4*m - 5 + 177, 43 = v + p*m. What is the tens digit of v?
4
Suppose -5660 = 23*d - 114243. What is the thousands digit of d?
4
Suppose 5173 = 5*n - 4*s, 5*s = -n + 1535 - 512. What is the hundreds digit of n?
0
Let x be 8 + 5 + (-120)/6 - 123. Let u be (-7*29*1)/(-1). Let z = u + x. What is the tens digit of z?
7
Suppose 248125 = 54*t - 570215 + 143556. What is the ten thousands digit of t?
1
Let w(x) = -19*x - 27. Let k be w(-5). Let o = k + -66. What is the units digit of (-1 - -128)/1 - o?
5
Suppose 0 = 2*z - 5*u - 12949, 0 = -5*z - 25*u + 30*u + 32365. What is the thousands digit of z?
6
What is the hundreds digit of (6 + -5)*-3 - -2008?
0
Let i be (4 + 149*-10)/(-1). Suppose 429 - i = -7*j. What is the tens digit of j?
5
Let o(v) = 4*v + 7. Let d be o(-1). Suppose -16 = -n + 3*t, -3*n - 8 = d*t - 80. What is the units digit of n?
2
Suppose -4*u - 23 = -7, 0 = -4*n + u + 60. Let l be -3 + 14/(-4)*(-12)/n. Suppose l*q - q = 3*m - 158, 430 = 3*q - 2*m. What is the tens digit of q?
4
Let d(m) = 4185*m + 6451. What is the tens digit of d(5)?
7
Let o be 64/10 - (-10)/(-25). Suppose c + 5*s = 164, 3*s - 725 = -4*c + o*s. What is the units digit of c?
9
What is the hundreds digit of (-1)/((-2)/25048) + -19 + -14 + 34?
5
Let k be (21/5)/((3/(-20))/(-3)). Suppose -k*f + 87*f = 1080. Suppose -2*i + f = -70. What is the hundreds digit of i?
2
Let x(f) = f**2 - 7*f + 2. Let q be x(7). Suppose -4*o = -4*l - 4, -3*l + 43 = 3*o + q*l. Suppose z + 2 - o = 5*y, 36 = 3*z - 3*y. What is the units digit of z?
4
Suppose 2*f + 3*r = 3143, -8*f = -11*f - 5*r + 4716. Suppose 3*x - 2*p = -3*p + 1179, f = 4*x + 3*p. What is the tens digit of x?
9
Suppose 2*m + 4*f + 789 - 2697 = 0, 2*m - 1908 = 2*f. What is the units digit of m?
4
Let c be 3/((-4)/(-24) + 0). Suppose 13*h - 11*h - c = 0. What is the tens digit of 4680/32 - (-2 - h/(-4))?
4
Suppose -576*r + 658368 = -560*r. What is the tens digit of r?
4
Let a be (-2)/(-7) + (-28475)/119. Let f = a + 651. What is the units digit of f?
2
Let c(f) = -f**3 - 85*f**2 - 196*f - 400. What is the tens digit of c(-84)?
0
Let c = 144 + 118. Let m = 507 + c. What is the units digit of m?
9
Let f = 1 - -2. Suppose -f*g = -363 - 285. Suppose -13*a + g = -9*a. What is the units digit of a?
4
Suppose 105*s = 100*s + 1050. Suppose 2*f - 5*f + 29 = n, 5*n + 2*f - s = 0. What is the tens digit of n?
4
Suppose 4*n - 33 + 13 = 0. Let w be 36*(-1)/6*(-8 + n). Suppose w = -3*y + 60. What is the tens digit of y?
1
Let m(k) = 134*k + 120. Let b(s) = 66*s + 60. Let d(q) = -5*b(q) + 2*m(q). What is the tens digit of d(-4)?
8
Let s = -3288 - -6148. What is the tens digit of s?
6
Let y(n) = n**3 + 23*n**2 + 93*n. Let t be y(-22). Let f = t + 2616. What is the units digit of f?
4
Let z(q) = 366*q**3 + 7*q**2 - 23. What is the thousands digit of z(4)?
3
Let x = 52 + -47. Suppose -x*b - 3300 = -1150. What is the tens digit of 1/3 + b/(-6)?
7
What is the units digit of -14 + (-63)/28*-8012?
3
Let z = -3918 - -21310. What is the tens digit of z?
9
Let r = -27564 - -49396. What is the units digit of r?
2
Let j be ((-150)/(-21) - 7) + (-881)/(-7). Let l = 584 - j. What is the units digit of l?
8
Let i(d) = 211 + 14*d**2 - 225 + 3*d - 4*d**2 + 3*d. What is the tens digit of i(-8)?
7
Let f(o) = 1398*o + 153. What is the units digit of f(3)?
7
Let f = 587 + -577. Let c(h) = 13*h**2 - 52*h - 12. What is the hundreds digit of c(f)?
7
Let h(j) = -3*j - 113. Let q be h(-41). Let i(n) = 2*n**2 + 2*n + 105. What is the tens digit of i(q)?
2
Suppose 2*a + 5*j = 9288, 13*a - 8*a - 4*j - 23187 = 0. What is the units digit of a?
9
Let v(o) = 19*o**2 + 504*o - 279. What is the units digit of v(-32)?
9
Let x(o) = -407*o**3 + 3*o + 3. Let q be x(-1). Let g = 535 - q. What is the tens digit of g?
2
Suppose -11*q + 44221 = -152206. What is the units digit of q?
7
Let o(s) = 2*s**3 - 9*s**2 + 30*s - 153. What is the units digit of o(8)?
5
Suppose s + 4 = -0*u - u, -5*u = -3*s + 12. Let b(c) = 20*c**2 - 6*c - 21. What is the tens digit of b(u)?
7
Suppose -3*h = 5*t - 24, -h - 5*t + 24 = 6. Suppose 0 = 2*a - 2*u - 14, u = h*a - 3*u - 22. What is the units digit of a?
6
What is the hundreds digit of 27752*(-100)/(-160)*(-5)/(75/(-27))?
2
Let h = -7230 + 10902. What is the units digit of h?
2
Let y be ((-18)/(-15))/((-6)/(-20)). Let k be 3 - (-12)/3 - y. Suppose -z = -k*z + 3*o + 114, 3*o - 201 = -3*z. What is the tens digit of z?
6
Let c be (-14)/(-1)*(-8)/(-14). Suppose -c*g + 5*m = -3*g - 8435, 4*g - 6793 = -5*m. What is the thousands digit of g?
1
Let f(h) = 34*h**2 + 14*h - 290. What is the units digit of f(-22)?
8
Suppose -43796 = -r - 4*t, 4*r + 3*t = -46268 + 221439. Suppose 0 = -31*z - 3*z + r. What is the thousands digit of z?
1
What is the tens digit of 962234/85 + (-22)/55?
2
Suppose -4*t = 39 - 15, 2*i + 4*t - 9036 = 0. What is the hundreds digit of i?
5
Suppose 